 Suppose -m = -3*g + 7, -m + 0*m + g = o. Calculate the greatest common factor of m and 2.
2
Suppose 7*w - 36 = 4*w. Let b be (-1)/7 + (-198)/(-63). Suppose -o + b*o - 24 = 0. What is the greatest common divisor of w and o?
12
Let t(p) = -p + 1. Let l be t(4). Let w be 72*(l + 84/16). Calculate the highest common divisor of 18 and w.
18
Suppose 3*k = -5*y - 0*y - 28, 5*y - 5*k + 20 = 0. Let n(f) = f**2 - 4*f + 5. Let j be n(y). Calculate the highest common factor of 10 and j.
10
Let r = -410 + 283. Let q = 5 - r. What is the highest common divisor of 12 and q?
12
Let v = 88 - 71. Calculate the greatest common divisor of 85 and v.
17
Let t(g) = -g**3 + 7*g**2 + g + 17. Let w be t(7). What is the greatest common divisor of w and 6?
6
Suppose r - 4*r = 54. Let v = r + 33. Calculate the greatest common divisor of v and 10.
5
Let z be 2/4 + (-51)/(-6). What is the highest common factor of z and 99?
9
Suppose -11*t + 5*t = -222. What is the highest common factor of 74 and t?
37
Let s(c) be the first derivative of -2*c**2 + 4*c - 1. Suppose -8*o - 4 = -7*o. Let h be s(o). Calculate the highest common factor of 50 and h.
10
Suppose -14 - 11 = -5*t. Suppose -v = t*g - 43, 3*g - 16 = -1. What is the greatest common divisor of v and 18?
18
Let t(j) = j - 12. Let u be t(18). Let x(z) = 2*z**2 + 3*z + 4. Let a be x(4). Calculate the greatest common divisor of a and u.
6
Let i(h) = -7*h - 2. Let n be i(-17). Calculate the highest common factor of 26 and n.
13
Let m = 5 + -2. Suppose i - 3*d = 17, -i - 2*d = m*i - 12. Suppose 2*y + 0 = i*f + 3, f = 1. Calculate the highest common divisor of 6 and y.
2
Let g(j) = 14*j**2 + 2*j. Let s be g(-1). What is the highest common divisor of 30 and s?
6
Let p = -63 - -85. Suppose 5*c - 113 = -v + 2*v, -60 = -3*c - 2*v. What is the highest common divisor of p and c?
22
Suppose 4*p - z = 28, 5*p = 4*z - 2*z + 38. Let r be ((-26)/p)/((-2)/96). What is the greatest common divisor of r and 26?
26
Let n = -183 - -187. Let o be 11*1 - (-1)/(-1). Calculate the highest common divisor of o and n.
2
Suppose -g - 4*w + 20 = -w, -59 = -4*g - 5*w. Calculate the highest common factor of g and 11.
11
Let p be -3 + 0 + 3 + 1. Let a be 27 + 6 - -3*p. Calculate the highest common divisor of 54 and a.
18
Let z be (0/((-3)/(-3)))/1. Suppose z = -3*r - r - 12. Let g be 24*((-13)/r - -2). Calculate the greatest common divisor of 19 and g.
19
Suppose 0 = -4*w - 2*z - 2, 0*w - 5 = 4*w + z. Let y(v) = -4*v - 2. Let m be y(w). What is the highest common factor of 4 and m?
2
Let s = 126 + -90. Suppose 0 = 3*n, -v + 90 = -6*n + n. Calculate the highest common divisor of s and v.
18
Let g(i) = -i - 2. Let l be g(-7). Let z be 61/l + 2/(-10). What is the greatest common factor of z and 12?
12
Let o(h) = 4*h - 6. Let v(m) = -1. Let n(t) = o(t) - 3*v(t). Let z be n(4). Calculate the greatest common factor of 91 and z.
13
Let n = 15 + -11. What is the greatest common divisor of 16 and n?
4
Let w(q) = 3*q - 20. Let n be w(8). Suppose -132 - 34 = -j + n*c, 0 = -4*j + 4*c + 616. Calculate the highest common factor of 30 and j.
30
Let w be 1122/5 + (-2)/5. Suppose -f = f - w. Let m(r) = -r**3 + 6*r**2 - 4*r - 1. Let y be m(3). What is the highest common factor of y and f?
14
Let n be (-16)/(-7) + 4/(-14). Suppose 0 = -5*c - 3*p + 14, -c - 3*p + 2*p + 4 = 0. Let g be c*(-1 + 5*n). Calculate the greatest common factor of 18 and g.
9
Let h be (-10)/(-4)*(-10 - -16). Calculate the highest common divisor of 60 and h.
15
Let w(m) = 4*m - 13. Let b be w(4). Calculate the greatest common divisor of b and 2.
1
Suppose -6 = -3*c + c, -5*c + 36 = t. Calculate the greatest common divisor of t and 105.
21
Suppose 0*x + 6*x = 192. Calculate the greatest common factor of 4 and x.
4
Let c be (-4)/36 - 590/(-45). Calculate the greatest common divisor of c and 52.
13
Suppose -3*t + 4*l = -47, 33 = -t + 3*t - l. Calculate the highest common divisor of 51 and t.
17
Let z(n) = 2*n + 1. Let d be z(5). Calculate the greatest common factor of d and 55.
11
Let r(j) = -j**3 + 8*j**2 - 7*j + 12. Let s be r(7). What is the greatest common divisor of s and 84?
12
Let o = -7 + 16. Let v be 6/9 + (-6)/o. Suppose 2 + 3 = -5*b + 3*j, 5*b - 4*j + 10 = v. Calculate the highest common factor of 16 and b.
2
Suppose -4*u + 0*u - q = -9, -2*q = -2. Suppose -5*n + 111 = v, v + 27 = 3*n - u*n. Calculate the greatest common factor of 92 and n.
23
Let f(o) be the first derivative of -2*o**2 + 2*o + 0 + 4 - 2. Let g be f(-3). What is the highest common factor of g and 2?
2
Let s(f) = f**2 + 7*f + 8. Let d be s(-6). Suppose d*u - 27 = 23. What is the highest common divisor of 100 and u?
25
Let b be 6/(-27) - (-1318)/18. Let c = -42 + b. Calculate the highest common divisor of c and 124.
31
Suppose 4*n = 20, -3*v - 2*n + 225 = -169. Calculate the greatest common divisor of 16 and v.
16
Let l be (1/((-2)/44))/(-1). Suppose -2*i + 6 = 2. Suppose i*c - 5*z + 6 = 0, 0*z + 3*z = 6. Calculate the greatest common factor of c and l.
2
Suppose -2*r - 17 = -c, -5*r - 25 = -0. Calculate the highest common factor of 56 and c.
7
Let c = -5 - -9. Suppose -2 = -b + 2*r, 47 = c*b - 2*r + 7*r. Calculate the highest common factor of b and 16.
8
Suppose -f + 7 = -7. Calculate the highest common divisor of f and 35.
7
Let o = -348 - -521. Suppose o - 17 = 3*l. Calculate the greatest common factor of 130 and l.
26
Let b = 21 + 58. Let j = b + -121. Let v be (j/6)/(2/(-14)). What is the highest common factor of 7 and v?
7
Let h = 15 + -11. Let k be (h*1)/(10/25). Calculate the greatest common divisor of k and 10.
10
Suppose -15 = -2*t + 5. Let f = -24 - -34. Calculate the greatest common divisor of f and t.
10
Suppose 4*b + 3*s - 57 = 5, -4*b - 4*s = -60. Let z = 16 + 52. What is the greatest common divisor of b and z?
17
Suppose -p = -3*s - 32, s + 2*s - 188 = -4*p. What is the greatest common divisor of p and 22?
22
Let n(x) = -x**2 + 9*x + 12. Let i be n(8). What is the highest common divisor of i and 40?
20
Suppose 1 = -d + 3. Suppose -54 = -d*j + 4*w, 5*j - 92 = -2*w + 79. Calculate the greatest common divisor of j and 22.
11
Let i be 8/32*(68 + 0). Let w = i - 14. What is the greatest common divisor of w and 15?
3
Suppose -5*w = -4*l - 132, l = -5*w - 16 + 133. What is the highest common divisor of 8 and w?
8
Let o be 15*(-2)/(-6)*4. Suppose -2*j - 2340 = -15*j. Calculate the highest common divisor of j and o.
20
Let y(q) = -q**3 - 2*q**2 - 3. Let d be y(-3). Let n(f) = f**2 + 2*f - 1 - d - f. Let i be n(-5). What is the highest common factor of i and 91?
13
Suppose -9*c + 93 = -411. Calculate the highest common factor of c and 16.
8
Let w be 5*(44/10 - 2). Suppose -2*g = 10, 5*s - 3 = 3*g + w. Suppose s = -2*i + 3*i - 32. What is the greatest common divisor of 80 and i?
16
Suppose 4*t - 8*t = -888. Let a = 453 - t. What is the highest common factor of a and 21?
21
Let f = -64 - -106. Suppose -n - 3*y = 1, 5*n - 3*y - 55 = 30. What is the highest common factor of f and n?
14
Suppose 0*y = 5*y - 35. Suppose 5*k - 65 = 5. What is the greatest common factor of y and k?
7
Suppose -2*y + 83 = 41. Calculate the greatest common factor of y and 84.
21
Let v = 7 + -7. Suppose 3*y - 2 = -t + 5, v = 4*t - 4*y + 4. What is the highest common divisor of 11 and t?
1
Let b be 124/7 - 16/(-56). Calculate the greatest common factor of b and 6.
6
Let d = 12 + -1. Let t(l) = l**2 - 10*l - 9. Let u be t(d). What is the highest common factor of 8 and u?
2
Suppose 2*a + 1 = 25. What is the greatest common factor of a and 12?
12
Let v = 54 - -54. Suppose h = -c + v, c - 6*c - 120 = -h. Suppose 0 = -5*o + 2*i + 60, o + 2*o - 4*i - 50 = 0. What is the greatest common divisor of h and o?
10
Suppose 7*x = 4*x + 99. Let j be (-246)/22 - (-6)/x. Let w = -8 - j. Calculate the greatest common factor of 2 and w.
1
Suppose 5*x = 18 + 92. Calculate the greatest common factor of x and 55.
11
Suppose 4*j + 3 = 19. Suppose 0 = -j*k + 3 + 9. Suppose 0 = -3*x + 3, -4*z + 124 = -k*x - x. What is the greatest common factor of z and 4?
4
Let y be 8 - (-4)/((-12)/9). Suppose -y*o = -184 - 176. Calculate the highest common factor of 8 and o.
8
Let d = 49 + -39. Calculate the greatest common divisor of 110 and d.
10
Suppose -29*f + 24*f = -1120. What is the